t w be r(q). Let y = w - 169. Is y prime?
False
Let u(d) = 44072*d - 263. Is u(2) a composite number?
False
Let r(y) = y**3 + 8*y**2 + y + 2. Let l be r(-4). Suppose -l*s - 98244 = -74*s. Is s a composite number?
True
Let m be ((-4642)/6)/(-11) + 2/(-6). Suppose -m*s = -63*s - 26719. Is s prime?
False
Let b = 123 - 121. Suppose 5*t - 2823 = -b*h, 3*t + 0*h - 1701 = -3*h. Is t a prime number?
True
Let p(g) = 2405*g + 6. Let a(o) = -2*o**2 - 16*o + 4. Let r be a(-8). Is p(r) prime?
False
Let p be ((-6464)/6 + 1)*(-12)/4. Suppose 0 = -s + p - 2. Is s prime?
False
Let p be 0*(-4 + (-14)/(-4)). Suppose p = 9*z - 8*z - 1355. Suppose 382 = -7*o + z. Is o a prime number?
True
Is (134847/3)/(-12 - -15) a prime number?
True
Let v(r) = 109*r**2 + 23*r - 1. Suppose -3*f = 2*j + 13, -36*j + 32*j + 4 = 0. Is v(f) composite?
False
Let x(f) = 3 + 3 - 5*f + 2. Suppose -2*z = -4*u - 52, 38*u + 5*z + 80 = 34*u. Is x(u) prime?
True
Let k = 10530 + -2733. Suppose 13*h = k + 8804. Is h prime?
True
Suppose -89*k - 3407317 = -35317877 - 44160499. Is k composite?
True
Suppose 0 = -3*x - 3, -3*f + 4*x - 6*x = -4. Is -4 + f - 11284/8*-2 a prime number?
True
Let p(q) = -10493*q**3 + 4*q**2 - 4*q + 1. Let k be p(1). Let x = -6381 - k. Is x a prime number?
True
Let s = 359 - 141. Suppose -544 = -6*u + s. Is u prime?
True
Let y = -1331 - -2318. Suppose 6*o = 7*o - 650. Let b = y - o. Is b a composite number?
False
Is (-201)/(-268) - (63299934/(-56) + (-28)/98) a prime number?
False
Let g = 64 - 59. Suppose -g*u = 7*r - 4*r - 22, 2*r + u - 10 = 0. Suppose r*p - 3756 + 210 = 5*d, -4*p + 3566 = 5*d. Is p a composite number?
True
Suppose 4*l + 2*x - 732080 = 0, 492763 = 2*l - 4*x + 126693. Is l a prime number?
True
Let j(w) = -4*w**2 - 19*w - 5. Let x be j(-4). Let a be (-1)/(6/(-801))*-6. Is (3 - x)/((-3)/(a/(-6))) composite?
True
Let c = 380681 + 187236. Is c a prime number?
False
Let b = -24188 - -50987. Is b a composite number?
True
Let k(h) = 10195*h**2 + 45*h - 3. Is k(-5) a composite number?
False
Let z = 2 - 32. Let p be 15/z*(0 - (-26 - 0)). Let o(x) = x**2 - 12*x + 6. Is o(p) a prime number?
True
Let o = -146188 + 475521. Is o prime?
True
Let g = 223 + 6432. Let i = g - 2838. Is i a composite number?
True
Let v(r) = -6*r**2 + 10*r + 4. Let h be v(-20). Let b = h + 12519. Suppose -5*q + 7932 = -q + 4*c, -5*q = c - b. Is q composite?
True
Let d(h) = -100*h + 27. Let k be d(-5). Suppose -s + k + 4380 = 0. Is s composite?
True
Let x be (40/140)/((-2)/(-28)). Suppose x*b = 2*g + 247 + 261, 2*b - 5*g = 270. Let h = b + 344. Is h a prime number?
False
Let x = -208007 + 356860. Is x composite?
False
Suppose 46*o - 49*o + 246 = 0. Suppose 0 = -f + o + 103. Suppose -j + u = -f, -746 - 195 = -5*j - 3*u. Is j prime?
False
Suppose -331*u + 324*u + 6748 = 0. Suppose 3*p + 13225 = 8*p. Let k = p - u. Is k a prime number?
False
Suppose -g + 3189 = -73. Suppose 5*y = -3*j - 0*j + g, 0 = y + 3*j - 650. Is y a prime number?
True
Let k(f) = -43401*f + 1832. Is k(-1) a prime number?
True
Let c(v) = 3*v + 5. Suppose -8 + 24 = -2*m - 3*w, -20 = 5*w. Let b be c(m). Let u(o) = -54*o**3 - 3*o**2 - 3*o - 1. Is u(b) composite?
False
Let t be (3/2)/((-14)/(-28)). Suppose 5*s - t*r - 10881 = 15309, -s - r = -5246. Is s a prime number?
False
Suppose 4*b + 0*x = -3*x - 13, 3*x + 7 = 2*b. Suppose 599*n - 18 = 581*n. Is 369/(-2 + b)*-1*n a composite number?
True
Suppose 0 = -2*j + 4 - 10. Is 53150/15 + 1/j a prime number?
False
Suppose 84*p = 167*p - 93*p + 1762850. Is p a prime number?
False
Suppose 0 = -2*q + 1149 - 1099. Suppose q*u - 92290 + 215 = 0. Is u prime?
False
Suppose 2*m - 53824 = -2*f + 44086, 0 = -2*m + 4*f + 97898. Is m a composite number?
False
Let k = 7 - 1. Let m(f) = -f + 9. Let c be m(k). Is -2*(c + (-1948)/8*5) prime?
False
Suppose 0 = -269*y + 274*y + 6250. Suppose k + 3*k = -2412. Let b = k - y. Is b a prime number?
True
Suppose -76*q + 15598049 = -3*q + 5562082. Is q composite?
True
Suppose 579355 - 73729 = -47*v. Suppose 2*u - 19 = -7. Is v/(-24) + u/8 prime?
True
Let z(t) = 15*t - 23. Suppose 72 = q + 2*q. Suppose 32*k + q = 34*k. Is z(k) prime?
True
Let y be 4/(-5)*(-20)/8. Suppose -78*j = -244 - 146. Suppose -3*l + 0*l + 4591 = -y*c, c = -j*l + 7656. Is l a prime number?
True
Let g be 1 - -3 - (42/7 - 6). Let n be 5/(-2 + g - 3). Let i(p) = -105*p + 16. Is i(n) composite?
False
Let x = 87 + -110. Let g = -20 - x. Suppose -m - g*o - o = -865, 3 = o. Is m prime?
True
Let g = -9 + 15. Suppose -3*o + 3*x = -9636, -g*x + 10*x + 6414 = 2*o. Is o a composite number?
False
Let b = -5291 + 19534. Is b a prime number?
True
Let j(p) = 63*p**2 + 2*p - 9. Let f be j(-3). Suppose 5*x - f = 758. Is x a composite number?
True
Let s(c) = -5*c**3 - 14*c**2 - 23*c + 41. Let b be s(-11). Let n = -2574 + b. Is n composite?
True
Let d = -13377 - -137654. Is d prime?
True
Let s(h) = 265*h - 6. Let p be 6 - 77/14 - 134/(-4). Suppose p - 9 = 5*k. Is s(k) a prime number?
True
Is ((0 + 1)*1538)/((-18)/(-2547)) + -6 prime?
False
Let m(g) = 2*g - 39. Suppose -5*q - 68 = -183. Let d be m(q). Suppose -d*p + 4826 = -2461. Is p composite?
True
Is 55/2*(-2)/(-22)*206282/5 composite?
False
Let b(s) = s**2 - s + 6. Let i be b(0). Suppose -99*j + 100*j = i. Suppose 0 = -4*u + j*u - 230. Is u composite?
True
Let r(a) = 6*a**3 - 36*a**2 - 1045*a + 87. Is r(46) a prime number?
False
Suppose 6*q + 326 = 9950. Is q/24 + (-3)/(-18) prime?
True
Suppose -3*p - 2*n + 6 = -9, -3*n - 5 = -p. Is p - (581946/(-21) + (-14)/49) prime?
False
Is (-4)/(-18) - (-2621977)/(-6)*4/(-6) prime?
True
Suppose -4*p + 3*w + 1375979 = 0, 0 = 5*p + 3*w - 495059 - 1224935. Is p a composite number?
False
Suppose -20*f - 52*f + 31740318 = -39661578. Is f a composite number?
False
Let a = -720 + 416. Is 2/19 - 2898000/a composite?
False
Let n be -21*485/(-150) + (-8)/(-80). Let l = 451 + -160. Suppose -71*q + l = -n*q. Is q a composite number?
False
Let a(p) = 69*p - 32. Let f be 40/(-220) - 818/(-22). Is a(f) prime?
True
Suppose -46*m = -32*m - 4853310. Is ((-5)/(-4))/(7 - m/49524) composite?
True
Suppose 0*y - 2*y = -6302. Let h(b) = b**3 - 25*b**2 - 54*b + 40. Let k be h(25). Let a = y + k. Is a prime?
False
Let k(h) = -43*h**2 + 28*h + 59. Let d be k(-2). Suppose 0 = -5*w + 4*w + 4*c + 294, -5*w = -5*c - 1455. Let t = d + w. Is t prime?
False
Suppose -152*p - 45 = -149*p. Let o(a) = -8*a**2 - 23*a + 22. Let x(r) = -7*r**2 - 22*r + 22. Let m(f) = -6*o(f) + 7*x(f). Is m(p) prime?
True
Suppose -3*s - 66 = 2*q, -4*q + 8*q - 2*s + 148 = 0. Let a = q - -32. Let p(h) = -5*h - 11. Is p(a) a composite number?
True
Let n = 1429739 + -834826. Is n composite?
True
Let q be (531/(-6) - 2)/((-1)/294). Let d = q + -17828. Is d prime?
True
Let j(g) be the first derivative of 1100*g**3/3 + 11*g**2/2 - g + 64. Is j(-2) a prime number?
False
Let b be 4/(-22) + (-936)/(-66). Suppose b - 35 = -7*p. Suppose 6*t + 3403 = k + p*t, 3*k + 5*t - 10237 = 0. Is k a composite number?
True
Let c be (-11*9/(-99)*0)/(-5). Let y = 39224 - 6594. Suppose -10*g = -c*g - y. Is g a composite number?
True
Suppose 27*i - 943858 - 1762538 = -3*o, 0 = 3*o + 3. Is i prime?
True
Suppose -1208820 - 1256885 = -55*o. Is o a prime number?
False
Let m(l) = 2*l**3 - 3*l**2 - 8*l + 12. Let w = -10 + 16. Let t be m(w). Let r = 599 + t. Is r composite?
False
Let f be 1/5 - (-3)/(-15). Suppose -6*o - o + 21 = f. Suppose 2*w - o*k = 774, -2*w + k + 4*k = -782. Is w a prime number?
False
Let n = 224 + -219. Suppose -n*w + g + 4224 = -5968, -4*w + 8168 = 4*g. Is w a composite number?
False
Let k(b) = 5*b**2 - 36*b - 25. Suppose -2*g + 23 = -1. Is k(g) prime?
True
Is (-62)/(-372) + 2545791/18 a composite number?
True
Let o(s) be the first derivative of 5*s**2/2 - 38*s + 24. Let m be o(9). Suppose -2*g = h - 617, -m*g = 3*h - 2*g - 1848. Is h prime?
False
Let h = -55 - -68. Suppose -4*i + 7 = -h. Suppose -i*s + 2013 = 4*z - 873, -3*z + 2163 = 3*s. Is z prime?
True
Let g(d) be the second derivative of 19*d**6/72 - d**5/40 + 5*d**4/24 + 5*d**3/2 + 5*d. Let n(k) be the second derivative of g(k). Is n(2) a prime number?
True
Suppose -23*g + 27*g - 3980 = 0. Let k = g - 174. Is k a composite number?
False
Suppose 2*r - r = 1262. Suppose -r = 8*d - 40966. Is d a prime number?
False
Suppose -10984 =